
Convert 2010122102222 (base 3) to base 2.
100010101000000110111
-a7c54 (base 14) to base 7
-3310034
What is -dfbc (base 16) in base 15?
-11e86
22325301 (base 6) to base 11
425129
Convert -4651331 (base 7) to base 6.
-20303255
Convert -70b8c (base 13) to base 2.
-110001010010101110
What is -18073a7 (base 15) in base 14?
-2473d18
What is -12893738 (base 10) in base 8?
-61137052
Convert 132213130 (base 5) to base 7.
5432343
-13285 (base 14) to base 6
-1002153
-1466467 (base 12) to base 7
-46664122
Convert -b817b (base 15) to base 8.
-2165030
What is 832738 (base 10) in base 5?
203121423
What is -2622a (base 16) in base 2?
-100110001000101010
-111654660 (base 7) to base 10
-6820548
What is 13113003 (base 5) in base 4?
133201220
Convert 64022025 (base 7) to base 16.
52a991
What is 1475658 (base 11) in base 10?
2525696
What is -49c02 (base 15) in base 12?
-b43b5
Convert -3033002023 (base 4) to base 15.
-11b3e1
111000 (base 3) to base 12
253
-53511 (base 13) to base 16
-24aef
77868 (base 16) to base 9
825513
Convert 1311021210 (base 5) to base 4.
30102023110
Convert 244442100 (base 5) to base 6.
41035421
21101210 (base 3) to base 10
5394
What is -144544043 (base 6) in base 2?
-1011100011111110011011
What is 12001522 (base 6) in base 8?
1331632
-617096 (base 10) to base 11
-3916a7
Convert -100011101110011110000 (base 2) to base 7.
-12644016
1010412 (base 7) to base 13
42975
-1170bb (base 12) to base 5
-33004212
Convert 61742 (base 13) to base 4.
222223100
Convert 67451 (base 9) to base 13.
17542
-33212321020 (base 4) to base 13
-b033b0
-111122012221 (base 3) to base 9
-448187
-5100224 (base 6) to base 16
-3adf8
1102020222 (base 3) to base 9
42228
476477 (base 8) to base 16
27d3f
What is 10001001001000010100110 (base 2) in base 16?
4490a6
What is a7a7e (base 16) in base 12?
2914a6
Convert 12110121001112 (base 3) to base 16.
2c5412
Convert -219777 (base 10) to base 15.
-451bc
-89c53 (base 14) to base 6
-11100213
Convert -97318 (base 14) to base 4.
-1121033322
What is -103051411 (base 6) in base 8?
-6757177
Convert -75384 (base 11) to base 5.
-12001342
59786 (base 13) to base 3
22022210022
What is 4633516 (base 9) in base 12?
a08150
What is -3293750 (base 11) in base 15?
-7909b9
What is 96576 (base 14) in base 13?
c9487
What is -124403101 (base 5) in base 16?
-97ec4
-3b10958 (base 12) to base 9
-24037875
Convert 11010011001010000010101 (base 2) to base 15.
91a1e4
2131714 (base 8) to base 16
8b3cc
What is dd1bc (base 14) in base 4?
2002232102
What is 52411a1 (base 11) in base 5?
4331140114
Convert 26c973 (base 15) to base 12.
75b439
Convert -170442 (base 8) to base 5.
-3433410
Convert -759583 (base 10) to base 2.
-10111001011100011111
What is 13173715 (base 8) in base 15?
3d32d1
12500 (base 15) to base 16
e484
-20002102111 (base 3) to base 11
-8206a
109331 (base 11) to base 3
22210220020
What is 11132444 (base 5) in base 6?
2042524
Convert -130351634 (base 7) to base 14.
-1160354
-110011010011011011100 (base 2) to base 14
-31a91a
What is -5325689 (base 11) in base 6?
-532555210
31646175 (base 9) to base 15
151813e
-4176843 (base 9) to base 5
-1033021201
12243150 (base 6) to base 5
100112243
Convert -245c5c (base 16) to base 14.
-4605c0
Convert -144445 (base 8) to base 2.
-1100100100100101
What is 7571e2 (base 16) in base 12?
26b2256
What is 5131055 (base 6) in base 9?
413308
What is 3c3412 (base 13) in base 10?
1463893
Convert -10326530 (base 7) to base 6.
-30515042
3170d (base 15) to base 13
56506
-377a30 (base 11) to base 9
-1107744
What is 4012743 (base 9) in base 4?
20021011311
What is -161776 (base 11) in base 12?
-10141a
1a5a2 (base 11) to base 8
67774
-1710476 (base 10) to base 13
-47b721
Convert -2684483 (base 9) to base 13.
-3c75b1
Convert -6672004 (base 8) to base 15.
-25814c
Convert -553151 (base 13) to base 15.
-2995eb
Convert -1000110110101010 (base 2) to base 16.
-8daa
1235115 (base 9) to base 5
133013322
What is -5637a1 (base 12) in base 11?
-859a7a
2425723 (base 8) to base 11
4158a1
558773 (base 13) to base 15
29ce68
Convert b5809 (base 12) to base 11.
152810
Convert -177f2 (base 16) to base 13.
-34a63
-4420c2 (base 13) to base 7
-16430202
Convert 11100000100100010 (base 2) to base 6.
2244150
Convert -1002101012210 (base 3) to base 7.
-4625604
What is -1154490 (base 10) in base 16?
-119dba
What is -23a096 (base 11) in base 13?
-103929
-342a8 (base 15) to base 5
-20302413
What is 128400 (base 9) in base 3?
10222110000
What is -6a98d1 (base 14) in base 6?
-205544303
What is -21325660 (base 8) in base 2?
-10001011010101110110000
What is 23373c (base 14) in base 10?
1200554
What is -133231321 (base 4) in base 16?
-1fb79
What is 424358 (base 9) in base 13?
8ac35
Convert 4340044 (base 5) to base 13.
27b30
What is -19264d3 (base 14) in base 15?
-116317c
-2051341 (base 11) to base 9
-6724043
Convert -204806 (base 9) to base 10.
-121668
What is 5a477 (base 12) in base 10?
121627
What is -119568 (base 10) in base 4?
-131030100
What is dbd69 (base 16) in base 7?
10440145
Convert 12433343 (base 6) to base 7.
3322326
Convert -30771 (base 9) to base 13.
-9328
-1010110000100001011 (base 2) to base 4
-1112010023
1791333 (base 11) to base 12
1022a55
What is -1100101000110011010 (base 2) in base 10?
-414106
1751b (base 16) to base 9
155017
Convert -16247141 (base 8) to base 12.
-1311481
1111101101001011000 (base 2) to base 13
150334
-103441464 (base 7) to base 16
-5e87dd
Convert -1002202200 (base 4) to base 7.
-2213406
What is 15213553 (base 6) in base 14?
db6b3
Convert 71967 (base 11) to base 10.
104980
-285660 (base 13) to base 16
-f006f
Convert -679bd2 (base 15) to base 8.
-22667470
What is -1b859 (base 13) in base 7?
-313612
330055 (base 6) to base 3
1101101022
1001001111100101 (base 2) to base 12
19ab1
1231411 (base 7) to base 11
a9518
202100 (base 3) to base 10
549
What is -34088 (base 11) in base 9?
-74615
What is -f586 (base 16) in base 15?
-13954
-23a18 (base 16) to base 2
-100011101000011000
1416640 (base 7) to base 14
4d190
231321321 (base 5) to base 13
2a6426
-325304 (base 9) to base 12
-94441
-2210211120211 (base 3) to base 5
-340231230
What is 1002220231 (base 4) in base 6?
5503341
What is d8a2 (base 15) in base 10?
45827
What is 1212310214 (base 5) in base 8?
12705661
What is -12c559b (base 13) in base 3?
-102010222022120
What is d5d03 (base 16) in base 10?
875779
What is 5380a (base 15) in base 6?
5403044
Convert -a2972 (base 13) to base 12.
-120916
-d0b51 (base 14) to base 11
-312982
What is -623647 (base 8) in base 7?
-1520540
Convert -10211011111 (base 3) to base 11.
-51561
Convert 440234040 (base 5) to base 13.
50c4aa
158234 (base 11) to base 5
30321213
-101022102110021 (base 3) to base 14
-a29248
Convert 331005005 (base 6) to base 12.
1b99765
What is d7387 (base 15) in base 6?
22343544
Convert -59a19 (base 16) to base 9.
-618541
What is 14964950 (base 10) in base 9?
31138042
Convert -9c7b7a (base 13) to base 4.
-32013233030
Convert -10120322000 (base 4) to base 6.
-40354452
What is 230223420 (base 5) in base 2?
11111001111001111010
What is -30673254 (base 8) in base 16?
-6376ac
What is -2570404 (base 9) in base 15?
-1cb1a7
Convert 601817 (base 13) to base 4.
20200300133
2120032120 (base 4) to base 6
21210344
Convert 2312102231 (base 5) to base 13.
10c9982
What is 670289 (base 11) in base 7?
12042001
Convert -13476262 (base 8) to base 5.
-1234442303
16499a (base 15) to base 13
2ba053
Convert -5512c (base 16) to base 9.
-580887
What is -1010010100010 (base 2) in base 6?
-40242
Convert -13444441400 (base 5) to base 8.
-103033375
Convert -11684 (base 12) to base 10.
-23428
Convert -2001342 (base 5) to base 6.
-401412
Convert 1034315232 (base 6) to base 5.
10322124144
-73257 (base 9) to base 7
-260620
What is 551563 (base 7) in base 13?
35005
What is 31115034 (base 6) in base 9?
1615854
What is -33253 (base 6) in base 3?
-20100220
-3b559e (base 16) to base 15
-51c262
-1030003101 (base 4) to base 6
-10402053
What is -212131221 (base 4) in base 8?
-463551
What is -3a654 (base 14) in base 13?
-50692
What is 111421214 (base 5) in base 3?
221022112220
What is 86b78 (base 16) in base 11?
347637
24868 (base 13) to base 8
203424
-154100 (base 9) to base 15
-1d186
-110101001100001101 (base 2) to base 12
-a60b9
What is 1124143 (base 7) in base 3